 12. Let u = -32 + 22. Let d be w(u). What is the highest common factor of k and d?
4
Let f be ((-4)/(-14) - (-354)/(-14))/(-1). What is the highest common divisor of 275 and f?
25
Let k = -37 + 93. Let s = -34 + 48. Calculate the greatest common factor of s and k.
14
Let s = 72 - 67. Suppose l + 4*d = 6*l - 108, -3*l + 62 = -d. Calculate the highest common factor of l and s.
5
Let k = -12 + 48. Suppose -4*m = -4*x - 12, -4*x + 2*m + 1 = 7. Suppose -3*w - y + 29 = x, 2*y - 7 = -3. What is the highest common factor of w and k?
9
Let y(t) = 3*t - 1. Let b be y(2). What is the highest common factor of 45 and b?
5
Let j be (-4)/(-3 + 1) + 3. Let g(m) = -27*m + 1. Let s be g(-2). Calculate the highest common divisor of s and j.
5
Let y(q) = -q**3 + 2*q**2 + 2. Let g be y(-2). Let k = 42 - 40. What is the greatest common divisor of g and k?
2
Suppose -8*v + 3*v = 0. Let z be (-2 - (-1 + v)) + 6. What is the greatest common divisor of 5 and z?
5
Let d(u) = u**2 - 5*u. Let c be d(6). Calculate the greatest common divisor of c and 24.
6
Let p be (18/8)/(7/252). Calculate the highest common divisor of p and 27.
27
Let z(k) be the third derivative of k**5/30 - k**4/8 - k**3/2 - 3*k**2. Let j be z(3). Calculate the highest common factor of j and 18.
6
Let y = 21 + 36. What is the highest common factor of y and 38?
19
Suppose n + 3*n = 16. Let m = 7 - n. Let l be 121 + -2*m/6. What is the greatest common factor of l and 15?
15
Let z be 3*4/18*24. Suppose z = 2*h - h. Calculate the highest common factor of 8 and h.
8
Let x be (16/(-5))/((-16)/280). Suppose 5*q - 28 = 7. Calculate the greatest common divisor of x and q.
7
Let s(i) be the second derivative of -i**5/20 - i**4/3 + i**3/2 + i**2/2 + i. Let b be s(-5). Calculate the highest common factor of b and 66.
11
Let s(r) = -r + 5. Let i be s(-5). Suppose a - 18 - i = 0. Calculate the greatest common divisor of 7 and a.
7
Let f = 53 + -37. Suppose 96 = h + 3*h. What is the greatest common factor of f and h?
8
Let n(q) = q + 21. Let d be n(-7). What is the greatest common factor of d and 35?
7
Let p be (-2)/(-10) + (-195)/(-25). Let d be ((-180)/p)/(3/(-4)). Suppose 5*x - 69 = 6. Calculate the highest common divisor of x and d.
15
Let s = 12 - -1. Calculate the highest common factor of s and 117.
13
Let h = -6 - -14. Suppose -6*v + 12 = -2*v. Suppose v*p - 80 = -2*p. Calculate the greatest common divisor of p and h.
8
Let n be (-1 - -77) + 0 + -1. Suppose 2*a - 27 = 3. Calculate the greatest common divisor of n and a.
15
Let t = -3 + 5. Let f = -21 - -7. Let r = -4 - f. What is the greatest common divisor of r and t?
2
Suppose -5*s + 5*h = -25, -10 = -5*s + 3*s - 5*h. Let k(w) = -w - 2. Let m be k(-6). Suppose 5 = m*o + 1. What is the highest common factor of s and o?
1
Let b(h) = -h**3 - h**2 + h. Let m be b(-2). Let o be (-6 + m)/(-2) + 10. What is the highest common divisor of 36 and o?
12
Suppose -32 = -j + 2*j. Let p = 52 + j. Let u = -11 + p. What is the greatest common factor of 63 and u?
9
Let u = 388 + -268. What is the greatest common factor of 24 and u?
24
Let q(h) = 0*h - 7 - 3*h**2 - 4*h + 4*h**2. Let y be q(6). What is the greatest common divisor of 45 and y?
5
Let s be (217/(-14) - -4)*4/(-2). Calculate the greatest common divisor of s and 46.
23
Let s(j) = -5*j - 6. Let p be s(5). Let o = p - -53. Calculate the highest common divisor of o and 66.
22
Suppose -4*y + b + 136 = 0, -y + 21 = 3*b - 0*b. Calculate the greatest common factor of y and 33.
33
Suppose -3*k = -3*d + 27, 5*d - 23 = -3*k + 14. Calculate the greatest common divisor of d and 8.
8
Let q be (9 - 6)/(2/84). What is the highest common divisor of 14 and q?
14
Let i be (-4 - (-43 - 0))*1/3. What is the highest common factor of 39 and i?
13
Suppose 2*f - 6 + 0 = 0. Suppose 0 = 5*r - f*r - 36. What is the highest common divisor of 18 and r?
18
Let b be 1 + 19 - (-4 + 2). Let h = -3 - -5. Let a = h + 0. What is the greatest common divisor of b and a?
2
Let v be 117/27 + (-1)/3. Let p = 43 + -15. What is the highest common divisor of v and p?
4
Suppose 0*x + 15 = -5*x. Let h be (0 + x)*56/(-6). What is the greatest common factor of 4 and h?
4
Let g = 20 - 11. Calculate the highest common factor of g and 9.
9
Let h = -9 - -14. Suppose -b + 4*s - 4 = 9*s, 0 = 5*b + h*s - 20. What is the highest common factor of 4 and b?
2
Let n = 47 + -43. Calculate the greatest common divisor of n and 44.
4
Let s = -27 + 32. Calculate the greatest common divisor of 55 and s.
5
Let z = 31 + -23. Calculate the highest common divisor of z and 8.
8
Suppose -3*n + 71 - 11 = 0. Let c = 0 + 0. Suppose c*i - 150 = -5*i. What is the greatest common factor of i and n?
10
Suppose -4*y - 24 + 112 = 0. Suppose -322 - 305 = -19*g. Calculate the highest common factor of g and y.
11
Let p be (-6)/(3 - 6) - -24. Calculate the greatest common divisor of p and 65.
13
Let r be ((-8)/10)/((-8)/800). Suppose -6*w = -w - r. What is the highest common factor of 4 and w?
4
Let h = -627 - 25. Let l = 1002 + h. Suppose 0*v + 5*v = l. Calculate the greatest common factor of 14 and v.
14
Let n = 27 + -24. Let f(m) = 0*m - 4 + m**3 + 0*m - m. Let t be f(n). What is the highest common divisor of 60 and t?
20
Let o(y) = 3*y. Let c(m) = -5*m + 1. Let g(i) = 3*c(i) + 4*o(i). Let h be g(-9). What is the greatest common divisor of h and 5?
5
Suppose j = 3*i - 30, -2*i - i - 5*j = -12. Calculate the greatest common factor of 9 and i.
9
Let z = 383 + -266. What is the highest common factor of 13 and z?
13
Let u(f) be the first derivative of f**4/4 - 10*f**3/3 + 14*f - 1. Let d be u(10). Calculate the greatest common factor of d and 14.
14
Suppose 0 - 3 = -3*h, 5*z + 3*h - 1773 = 0. Suppose -3*m - 2*m + 340 = 0. Suppose -2*t = m - z. Calculate the highest common divisor of t and 13.
13
Suppose 3*l - l + 4*d = 236, -2*l = -d - 216. What is the greatest common factor of 20 and l?
10
Suppose 5*u - 48 = 3*u. What is the highest common factor of u and 8?
8
Let f(x) = x**2 + 7*x + 37. Let w be f(-8). Let a be 4/(-2) + 8 + 2. Let y = -3 + a. Calculate the highest common factor of w and y.
5
Let v be (3/4)/(13/416). Calculate the highest common divisor of 192 and v.
24
Let t = 70 + -35. Calculate the highest common factor of 7 and t.
7
Let a be (8/(-24))/((-2)/(-78)). Let c be (-5)/(-5)*a/1. Let h = c + 26. What is the greatest common factor of h and 52?
13
Suppose 31 = 4*h + l, -l + 12 + 11 = 3*h. What is the greatest common factor of 64 and h?
8
Let m(g) = -g**3 + 7*g**2 - 5*g. Let u be m(6). Let t = u - 1. Let o be (t/(-3) - -1)*-6. What is the highest common divisor of o and 36?
4
Suppose 0 = 5*y - 9 - 1. Suppose 5*s + 3*j - 75 = 0, -56 = -y*s + 3*j + j. Suppose -4*b - b = -60. Calculate the highest common factor of b and s.
6
Let b = 61 - 43. Let h = 6 - 2. Suppose -4*n + 573 = -5*t + 4*t, 2*t + 570 = h*n. What is the highest common factor of b and n?
18
Let s(q) = q**2 - 6*q + 3. Let i be s(7). What is the greatest common divisor of 80 and i?
10
Let q be 297/5 + 3/5. Suppose 5*r = 2*r + q. What is the highest common divisor of 10 and r?
10
Let j = 24 - -30. Let f = j + 0. Calculate the highest common factor of 6 and f.
6
Suppose -3*h - 18 = -5*f + 23, 2*f + 5*h - 4 = 0. Calculate the greatest common factor of f and 14.
7
Suppose 0 = -4*c + 81 + 99. Let s(h) = 9*h - 3. Let p be s(2). Calculate the greatest common factor of c and p.
15
Suppose 0 = l + 4*l - 5*z - 150, 0 = -l + 4*z + 27. Calculate the highest common divisor of 1 and l.
1
Suppose 0*z = -z + 38. Let r be (-9 - -10) + z + 1. Calculate the greatest common factor of 5 and r.
5
Let q be 4/2*35/14. Suppose -q = -l + 6. Calculate the greatest common factor of l and 55.
11
Let t = 3 - 1. Suppose t*q = q - 2*o + 2, 0 = -q - o + 7. Calculate the greatest common factor of q and 6.
6
Suppose 5*n - 2 - 8 = 0, -2*n = 4*i + 112. Let o = 74 + i. What is the greatest common divisor of o and 9?
9
Let j be 86/5 - (-4)/(-20). What is the highest common factor of j and 34?
17
Let t(m) = 25*m + 1. Let f be t(5). Let n = f + 42. Suppose -y - n = -4*y - 3*u, 4*u + 256 = 4*y. What is the highest common factor of y and 12?
12
Suppose -4*w - 12 = -5*v, -4*w = 2*v + 9 + 3. Let k(p) = p + 7 + 7 + 0*p. Let c be k(v). What is the highest common factor of